9?
0
What is the thousands digit of 15933?
5
What is the tens digit of 8333?
3
What is the hundreds digit of 21798?
7
What is the hundreds digit of 1294?
2
What is the tens digit of 4946?
4
What is the ten thousands digit of 123274?
2
What is the thousands digit of 65507?
5
What is the hundreds digit of 24006?
0
What is the tens digit of 520?
2
What is the thousands digit of 65851?
5
What is the tens digit of 16979?
7
What is the tens digit of 558?
5
What is the units digit of 2399?
9
What is the ten thousands digit of 107465?
0
What is the hundreds digit of 28248?
2
What is the units digit of 921?
1
What is the thousands digit of 3272?
3
What is the thousands digit of 1862?
1
What is the units digit of 78349?
9
What is the hundreds digit of 2417?
4
What is the ten thousands digit of 48802?
4
What is the tens digit of 1738?
3
What is the hundreds digit of 337?
3
What is the units digit of 1598?
8
What is the units digit of 6887?
7
What is the thousands digit of 7939?
7
What is the units digit of 575?
5
What is the thousands digit of 70523?
0
What is the thousands digit of 9170?
9
What is the hundreds digit of 3131?
1
What is the thousands digit of 66884?
6
What is the tens digit of 171870?
7
What is the hundreds digit of 93825?
8
What is the hundreds digit of 4785?
7
What is the units digit of 5272?
2
What is the hundreds digit of 2621?
6
What is the ten thousands digit of 19532?
1
What is the thousands digit of 163366?
3
What is the tens digit of 98306?
0
What is the hundreds digit of 774?
7
What is the units digit of 6824?
4
What is the units digit of 18629?
9
What is the hundreds digit of 22611?
6
What is the thousands digit of 6426?
6
What is the hundreds digit of 104664?
6
What is the units digit of 10828?
8
What is the units digit of 6500?
0
What is the thousands digit of 1211?
1
What is the thousands digit of 10152?
0
What is the hundreds digit of 663?
6
What is the units digit of 2419?
9
What is the thousands digit of 10114?
0
What is the thousands digit of 5147?
5
What is the units digit of 16515?
5
What is the ten thousands digit of 45934?
4
What is the tens digit of 751?
5
What is the thousands digit of 133864?
3
What is the ten thousands digit of 125475?
2
What is the units digit of 86876?
6
What is the tens digit of 6518?
1
What is the units digit of 21680?
0
What is the hundreds digit of 1592?
5
What is the tens digit of 101171?
7
What is the thousands digit of 34032?
4
What is the thousands digit of 1299?
1
What is the tens digit of 3800?
0
What is the thousands digit of 3537?
3
What is the tens digit of 453?
5
What is the thousands digit of 1668?
1
What is the thousands digit of 1245?
1
What is the tens digit of 2463?
6
What is the thousands digit of 35592?
5
What is the tens digit of 13349?
4
What is the hundreds digit of 82061?
0
What is the hundreds digit of 5683?
6
What is the units digit of 273?
3
What is the thousands digit of 31188?
1
What is the tens digit of 512?
1
What is the units digit of 43746?
6
What is the tens digit of 3556?
5
What is the thousands digit of 1970?
1
What is the thousands digit of 2620?
2
What is the tens digit of 457?
5
What is the ten thousands digit of 23517?
2
What is the tens digit of 1391?
9
What is the thousands digit of 4139?
4
What is the units digit of 38784?
4
What is the tens digit of 23863?
6
What is the units digit of 11000?
0
What is the tens digit of 27?
2
What is the units digit of 237?
7
What is the hundreds digit of 6325?
3
What is the units digit of 149?
9
What is the hundreds digit of 602?
6
What is the hundreds digit of 5133?
1
What is the thousands digit of 1004?
1
What is the ten thousands digit of 17184?
1
What is the hundreds digit of 70478?
4
What is the tens digit of 189?
8
What is the units digit of 10107?
7
What is the hundreds digit of 2828?
8
What is the units digit of 14640?
0
What is the hundreds digit of 5313?
3
What is the hundreds digit of 1477?
4
What is the tens digit of 49685?
8
What is the thousands digit of 2581?
2
What is the thousands digit of 25925?
5
What is the tens digit of 70430?
3
What is the thousands digit of 5414?
5
What is the units digit of 158094?
4
What is the units digit of 1006?
6
What is the units digit of 238?
8
What is the hundreds digit of 102218?
2
What is the units digit of 835?
5
What is the tens digit of 4387?
8
What is the thousands digit of 1480?
1
What is the thousands digit of 3264?
3
What is the tens digit of 28291?
9
What is the units digit of 3225?
5
What is the hundreds digit of 3961?
9
What is the units digit of 325?
5
What is the hundreds digit of 12148?
1
What is the units digit of 5263?
3
What is the hundreds digit of 10172?
1
What is the hundreds digit of 1277?
2
What is the thousands digit of 3705?
3
What is the hundreds digit of 17466?
4
What is the tens digit of 481?
8
What is the tens digit of 763?
6
What is the units digit of 130?
0
What is the units digit of 3240?
0
What is the tens digit of 28462?
6
What is the hundred thousands digit of 123373?
1
What is the hundreds digit of 1732?
7
What is the thousands digit of 2892?
2
What is the tens digit of 9973?
7
What is the tens digit of 72171?
7
What is the hundreds digit of 1142?
1
What is the units digit of 178378?
8
What is the units digit of 363?
3
What is the hundreds digit of 2962?
9
What is the hundreds digit of 1389?
3
What is the thousands digit of 101147?
1
What is the units digit of 34522?
2
What is the tens digit of 316?
1
What is the tens digit of 1595?
9
What is the units digit of 10929?
9
What is the units digit of 3672?
2
What is the units digit of 8249?
9
What is the units digit of 1289?
9
What is the tens digit of 142215?
1
What is the hundred thousands digit of 184520?
1
What is the tens digit of 2167?
6
What is the thousands digit of 10695?
0
What is the thousands digit of 37858?
7
What is the tens digit of 176?
7
What is the ten thousands digit of 18817?
1
What is the units digit of 781?
1
What is the hundreds digit of 24047?
0
What is the units digit of 15674?
4
What is the tens digit of 1398?
9
What is the tens digit of 15817?
1
What is the hundreds digit of 60821?
8
What is the units digit of 69877?
7
What is the tens digit of 8664?
6
What is the thousands digit of 2177?
2
What is the units digit of 20739?
9
What is the hundreds digit of 6730?
7
What is the thousands digit of 1825?
1
What is the thousands digit of 12668?
2
What is the units digit of 122?
2
What is the tens digit of 53639?
3
What is the thousands digit of 12871?
2
What is the tens digit of 325?
2
What is the hundreds digit of 891?
8
What is the hundreds digit of 11934?
9
What is the tens digit of 3141?
4
What is the units digit of 20086?
6
What is the units digit of 1221?
1
What is the units digit of 3431?
1
What is the thousands digit of 15301?
5
What is the tens digit of 2457?
5
What is the tens digit of 66350?
5
What is the units digit of 84?
4
What is the tens digit of 22021?
2
What is the thousands digit of 8843?
8
What is the thousands digit of 4890?
4
What is the hundreds digit of 22909?
9
What is the hundreds digit of 398?
3
What is the units digit of 200448?
8
What is the hundreds digit of 369?
3
What is the hundreds digit of 617?
6
What is the units digit of 1056?
6
What is the thousands digit of 2820?
2
What is the tens digit of 1906?
0
What is the thousands digit of 3249?
3
What is the tens digit of 14?
1
What is the tens digit of 95135?
3
What is the units digit of 6006?
6
What is the tens digit of 7030?
3
What is the hundreds digit of 13068?
0
What is the thousands digit of 1489?
1
What is the units digit of 156?
6
What is the thousands digit of 4017?
4
What is the thousands digit of 15533?
5
What is the units digit of 1811?
1
What is the hundreds digit of 111952?
9
What is the tens digit of 6945?
4
What is the hundreds digit of 7990?
9
What is the hundreds digit of 53187?
1
What is the hundreds digit of 1063?
0
What is the tens digit of 9007?
0
What is the thousands digit of 26205?
6
What is the tens digit of 6393?
9
What is the tens digit of 7346?
4
What is the tens digit of 4829?
2
What is the thousands digit of 1568?
1
What is the hundreds digit of 3814?
8
What is the hundreds digit of 1584?
5
What is the ten thousands digit of 56919?
5
What is the ten th